 and 436763.
109
Calculate the greatest common divisor of 178 and 191172.
178
What is the greatest common factor of 11882 and 1118?
26
What is the highest common divisor of 29700 and 5049?
297
What is the highest common divisor of 22432 and 9056?
32
What is the greatest common divisor of 18316 and 228?
76
What is the greatest common factor of 10075 and 49400?
325
What is the highest common divisor of 24 and 1355748?
12
Calculate the highest common factor of 6176911 and 26.
13
What is the highest common factor of 589203 and 68?
17
Calculate the greatest common factor of 1523 and 3604941.
1523
Calculate the highest common factor of 130064 and 176.
176
What is the greatest common factor of 39 and 144534?
39
Calculate the greatest common factor of 165 and 65615.
55
What is the greatest common factor of 286524 and 9828?
756
What is the greatest common divisor of 171 and 79857?
171
Calculate the greatest common factor of 422184 and 21.
21
What is the greatest common divisor of 344 and 1188133?
43
What is the greatest common factor of 1356 and 6924?
12
Calculate the greatest common divisor of 190 and 6020530.
190
What is the highest common divisor of 1070 and 148195?
535
What is the greatest common factor of 7 and 237?
1
Calculate the highest common divisor of 771608 and 8.
8
What is the greatest common divisor of 9682 and 1128?
94
What is the greatest common factor of 6843138 and 474?
474
Calculate the highest common divisor of 8856316 and 28.
28
What is the highest common factor of 213 and 343569?
213
Calculate the highest common factor of 75379 and 43.
43
What is the highest common divisor of 5725 and 775?
25
Calculate the greatest common divisor of 16 and 11176.
8
What is the highest common factor of 1005 and 3248361?
201
What is the greatest common divisor of 51285 and 780?
195
Calculate the greatest common divisor of 8601 and 7686.
183
What is the highest common factor of 6336 and 34056?
792
What is the highest common divisor of 98544 and 48?
48
What is the highest common divisor of 3805612 and 619?
619
Calculate the highest common divisor of 7770 and 17010.
210
Calculate the greatest common divisor of 3744 and 7371.
117
Calculate the greatest common factor of 3844 and 1816.
4
What is the greatest common divisor of 852780 and 30?
30
What is the greatest common factor of 405 and 3202416?
81
Calculate the highest common factor of 23 and 3216159.
23
Calculate the greatest common factor of 2444 and 5452.
188
What is the highest common divisor of 1449734 and 2288?
286
Calculate the highest common divisor of 15138 and 468.
18
What is the greatest common factor of 6 and 274506?
6
What is the greatest common divisor of 68 and 8770844?
68
What is the highest common factor of 270 and 191550?
30
Calculate the highest common factor of 899 and 377203.
29
Calculate the greatest common divisor of 199464 and 72.
24
Calculate the highest common divisor of 16564 and 8888.
404
What is the greatest common divisor of 785 and 36581?
157
Calculate the greatest common divisor of 12160 and 444600.
760
What is the greatest common factor of 129658 and 2152?
538
Calculate the greatest common factor of 74 and 492285.
37
Calculate the greatest common factor of 1811359 and 649.
649
Calculate the highest common divisor of 76 and 2727697.
19
What is the greatest common divisor of 15 and 636465?
15
Calculate the greatest common factor of 16917876 and 818.
818
What is the greatest common divisor of 15 and 3291?
3
Calculate the highest common factor of 6758 and 6262.
62
What is the greatest common divisor of 2600 and 4940?
260
Calculate the highest common factor of 4850604 and 243.
81
Calculate the greatest common factor of 263636 and 24.
4
Calculate the highest common factor of 4914 and 56646.
54
Calculate the greatest common factor of 10414 and 102870.
254
Calculate the highest common divisor of 4147 and 1859.
143
What is the highest common factor of 38 and 80674?
38
What is the highest common factor of 4170 and 514578?
834
What is the greatest common divisor of 32 and 144304?
16
Calculate the greatest common divisor of 62 and 3754.
2
Calculate the greatest common factor of 1304 and 21353.
163
What is the highest common divisor of 89927 and 19?
19
What is the highest common divisor of 675 and 2761425?
675
Calculate the highest common factor of 845 and 14755.
65
Calculate the greatest common factor of 9 and 273753.
9
Calculate the greatest common factor of 775274 and 7902.
878
What is the greatest common factor of 88768 and 49856?
1216
What is the highest common divisor of 1102 and 232?
58
Calculate the highest common divisor of 72611 and 44.
11
What is the highest common divisor of 495792 and 2772?
396
What is the highest common divisor of 144 and 154728?
72
Calculate the highest common divisor of 33 and 1602799.
11
What is the greatest common factor of 108 and 2587356?
108
Calculate the greatest common factor of 2849 and 1998.
37
What is the greatest common divisor of 8 and 29182?
2
What is the highest common factor of 231 and 1288320?
33
What is the greatest common divisor of 22261 and 45901?
197
What is the greatest common factor of 5644 and 272?
68
Calculate the greatest common divisor of 65 and 61345.
5
What is the greatest common factor of 5248 and 2?
2
What is the greatest common divisor of 135290 and 20750?
830
Calculate the highest common divisor of 292429 and 171.
19
What is the greatest common factor of 94230 and 1215?
135
What is the greatest common divisor of 4800 and 8500?
100
Calculate the greatest common divisor of 4121 and 8876.
317
Calculate the highest common factor of 8557585 and 5.
5
What is the highest common factor of 208 and 7748?
52
Calculate the highest common divisor of 3614 and 650.
26
Calculate the greatest common divisor of 1104 and 223032.
24
What is the greatest common factor of 4760 and 45360?
280
Calculate the highest common divisor of 124 and 63178.
62
Calculate the highest common factor of 88754 and 1592.
398
What is the greatest common divisor of 8712 and 1012?
44
Calculate the greatest common divisor of 96772 and 1924.
52
Calculate the greatest common divisor of 1650 and 99450.
150
Calculate the highest common factor of 16 and 1377808.
16
Calculate the greatest common divisor of 30419918 and 1966.
1966
What is the highest common divisor of 12580 and 54315?
85
Calculate the highest common factor of 13202 and 115276.
322
Calculate the greatest common divisor of 825 and 2400.
75
What is the highest common factor of 666 and 103526?
74
Calculate the highest common factor of 286 and 275.
11
Calculate the highest common factor of 157752 and 924.
84
Calculate the highest common divisor of 137654 and 44.
22
Calculate the highest common factor of 128 and 391584.
32
What is the highest common divisor of 195 and 755?
5
What is the highest common factor of 13 and 20969?
13
What is the greatest common divisor of 77 and 71291?
11
Calculate the highest common divisor of 12 and 743196.
12
Calculate the highest common factor of 2976 and 936696.
744
Calculate the highest common factor of 2167 and 1847860.
197
What is the greatest common factor of 44 and 16372?
4
Calculate the greatest common factor of 1480 and 59237.
37
What is the highest common factor of 12 and 84012?
12
What is the highest common factor of 1133 and 41612?
103
What is the greatest common factor of 102 and 271983?
51
What is the highest common divisor of 72352 and 380?
76
Calculate the highest common divisor of 570450 and 330.
30
What is the highest common divisor of 788 and 9052150?
394
Calculate the greatest common divisor of 3 and 220941.
3
What is the highest common divisor of 81 and 13878?
27
Calculate the highest common divisor of 24 and 12492.
12
What is the highest common divisor of 50 and 104575?
25
What is the greatest common factor of 4575 and 2025?
75
What is the greatest common divisor of 12287 and 165?
11
Calculate the highest common factor of 77 and 96173.
77
What is the highest common divisor of 116076 and 408?
204
Calculate the highest common divisor of 39 and 2753673.
39
What is the greatest common factor of 294 and 672231?
147
What is the highest common factor of 68 and 1139?
17
Calculate the highest common factor of 54196 and 408.
68
Calculate the greatest common div